hat is the greatest common factor of 53 and 63203?
1
Calculate the greatest common divisor of 15398345 and 7565.
85
Calculate the highest common divisor of 208 and 1655072.
16
What is the highest common divisor of 2314 and 51626497?
1157
What is the highest common factor of 1848 and 1479688?
56
What is the greatest common factor of 2551264 and 488?
488
What is the highest common divisor of 1261 and 1328221?
97
What is the greatest common divisor of 53489 and 2469509?
601
What is the greatest common divisor of 10203802 and 7406?
14
Calculate the highest common factor of 347689692 and 1323.
1323
Calculate the highest common factor of 328 and 20196436.
164
Calculate the greatest common factor of 180 and 401781624.
12
What is the highest common factor of 393961926 and 174?
174
What is the highest common factor of 428 and 1062212?
4
Calculate the greatest common divisor of 22405 and 50550161.
4481
What is the highest common factor of 91313 and 2057654?
127
What is the highest common divisor of 17646 and 973982734?
5882
What is the highest common factor of 4601875 and 711425?
4975
What is the highest common divisor of 1212363 and 144?
9
What is the greatest common divisor of 1661430332 and 17?
17
Calculate the greatest common divisor of 61650 and 118833800.
6850
Calculate the highest common factor of 20194 and 290662339.
10097
What is the highest common divisor of 131427373 and 77?
77
What is the highest common factor of 9096483 and 759?
33
What is the highest common divisor of 1015 and 2980565?
35
Calculate the highest common factor of 42963786 and 36.
18
What is the greatest common divisor of 1792 and 365282176?
896
Calculate the highest common factor of 4232 and 768637.
529
Calculate the highest common factor of 1144 and 2848274.
286
What is the greatest common divisor of 61818 and 318?
6
Calculate the greatest common divisor of 648 and 40067055.
81
What is the greatest common factor of 89539 and 2298689?
391
Calculate the greatest common factor of 86530 and 349367420.
5090
Calculate the greatest common divisor of 99018 and 30510.
18
What is the highest common factor of 78 and 109300386?
78
What is the greatest common factor of 263815 and 26695?
95
What is the greatest common divisor of 26791899 and 155454?
5979
Calculate the greatest common divisor of 179725105 and 230.
115
What is the highest common divisor of 17 and 23945401?
17
Calculate the greatest common divisor of 4601807 and 1537.
29
What is the greatest common divisor of 2925 and 9051705?
585
Calculate the greatest common factor of 31396 and 1938280.
188
Calculate the greatest common divisor of 5204739 and 4209.
69
Calculate the greatest common factor of 418617664 and 5888.
1472
Calculate the greatest common divisor of 73215 and 40590.
45
What is the greatest common factor of 7 and 569757503?
7
What is the highest common divisor of 7100 and 36326440?
1420
Calculate the greatest common factor of 36822 and 82416.
102
Calculate the greatest common divisor of 1750 and 1107596700.
350
What is the greatest common divisor of 253056 and 52792?
8
What is the greatest common factor of 16 and 297011608?
8
Calculate the greatest common divisor of 2265921 and 366611.
4417
Calculate the greatest common divisor of 154608 and 1008.
48
What is the greatest common divisor of 49040444 and 380?
76
What is the highest common factor of 2033248 and 2639?
203
Calculate the highest common factor of 25290 and 14674944.
1686
What is the greatest common divisor of 63068716 and 28?
4
What is the greatest common divisor of 161936 and 11857624?
2792
Calculate the highest common factor of 1107111282 and 30444.
15222
What is the highest common divisor of 199102 and 991?
1
What is the highest common divisor of 6881297 and 90393?
1039
What is the greatest common factor of 188854380 and 495?
495
What is the highest common factor of 16 and 706696?
8
Calculate the greatest common factor of 43 and 2762859521.
43
What is the greatest common factor of 7220741 and 1045?
209
Calculate the greatest common factor of 78948 and 47466.
54
What is the greatest common divisor of 28826478 and 7992?
666
What is the greatest common factor of 8 and 637740968?
8
What is the highest common divisor of 2778 and 271491162?
2778
Calculate the highest common divisor of 649 and 488569147.
649
What is the highest common factor of 23 and 13488557?
23
Calculate the greatest common divisor of 64045065 and 70.
35
Calculate the greatest common factor of 21 and 2366192892.
21
What is the greatest common divisor of 9174742 and 2368?
74
Calculate the greatest common divisor of 64182708 and 45180.
9036
What is the greatest common divisor of 35167220 and 55?
55
What is the greatest common divisor of 4239 and 2230185?
471
What is the greatest common factor of 2726 and 75294?
94
Calculate the greatest common factor of 14112 and 27423.
9
What is the highest common factor of 136 and 1259819?
17
Calculate the highest common factor of 109188 and 1187136.
324
Calculate the greatest common divisor of 2971670 and 1310.
10
What is the highest common factor of 71656333 and 179249?
6181
Calculate the highest common factor of 7834 and 652.
2
Calculate the highest common divisor of 983727 and 4770.
9
What is the greatest common divisor of 685867 and 2275?
91
Calculate the greatest common divisor of 6993 and 451586961.
6993
Calculate the highest common divisor of 90 and 3565841.
1
What is the highest common factor of 37496 and 278168?
872
What is the highest common factor of 287001568 and 224?
224
What is the greatest common factor of 1546 and 4771729?
773
Calculate the greatest common factor of 1720687 and 656641.
4793
What is the highest common factor of 22794 and 572982?
174
What is the highest common divisor of 205887723 and 3642?
1821
Calculate the greatest common divisor of 48 and 2291432.
8
What is the greatest common factor of 47558 and 158632?
158
What is the highest common factor of 519375 and 125?
125
Calculate the greatest common factor of 93105953 and 4587.
139
Calculate the highest common factor of 784922 and 8256.
86
Calculate the greatest common factor of 276161129 and 12494.
6247
Calculate the highest common divisor of 37737582 and 15216.
1902
What is the highest common factor of 39183 and 14939313?
1059
Calculate the highest common factor of 4486 and 1726.
2
What is the greatest common divisor of 94553 and 2717371?
4111
Calculate the highest common divisor of 5346 and 34047486.
594
Calculate the highest common divisor of 174315451 and 571.
571
What is the highest common divisor of 23790 and 9450120?
1830
What is the greatest common factor of 445 and 81787529?
89
What is the highest common factor of 98 and 33193286?
98
Calculate the highest common factor of 3774 and 13690185.
1887
Calculate the highest common factor of 220755 and 3075.
15
What is the highest common factor of 237 and 71286203?
79
Calculate the highest common divisor of 5012 and 27633662.
2506
What is the highest common divisor of 9861624 and 45936?
2088
Calculate the greatest common divisor of 2407 and 60265553.
83
What is the highest common divisor of 247247 and 50141?
1729
Calculate the highest common divisor of 52459866 and 270.
54
What is the greatest common factor of 1951236 and 45171?
189
Calculate the highest common divisor of 385 and 614515.
55
What is the greatest common factor of 666299 and 308398?
569
What is the greatest common divisor of 1762372 and 164?
4
What is the greatest common factor of 61957 and 11383388?
167
What is the highest common factor of 38584 and 9128?
56
Calculate the highest common divisor of 52096 and 157768.
296
What is the greatest common divisor of 17514100 and 200?
100
Calculate the greatest common factor of 112 and 12229344.
16
Calculate the highest common factor of 2487 and 5882584.
829
Calculate the highest common divisor of 1151646 and 33.
3
Calculate the greatest common divisor of 748546014 and 79.
79
What is the greatest common divisor of 112 and 391915748?
28
Calculate the greatest common divisor of 49181765 and 6885.
85
What is the greatest common factor of 79704 and 1122252?
492
Calculate the highest common divisor of 67377717 and 11.
11
What is the highest common factor of 43325 and 139300?
25
Calculate the highest common divisor of 3291 a